{"id":48,"date":"2026-01-17T20:25:25","date_gmt":"2026-01-17T19:25:25","guid":{"rendered":"https:\/\/hochzeit.dhbochum.de\/?page_id=48"},"modified":"2026-01-18T16:37:01","modified_gmt":"2026-01-18T15:37:01","slug":"ablaufplan","status":"publish","type":"page","link":"https:\/\/hochzeit.dhbochum.de\/index.php\/ablaufplan\/","title":{"rendered":"Ablauf"},"content":{"rendered":"\n<p>Unser Hochzeitstag ist in mehrere besondere Momente unterteilt, die wir Schritt f\u00fcr Schritt mit Euch erleben m\u00f6chten!<\/p>\n\n\n\n<h3 class=\"wp-block-heading\">\ud83d\udd51 14:00 Uhr \u2013 Trauung<\/h3>\n\n\n\n<p class=\"has-black-color has-text-color has-link-color wp-elements-177d867c8fecbb7b16c70f32f5359102\">\ud83d\udccd&nbsp;<a href=\"https:\/\/www.bochum.de\/Bezirksverwaltungsstelle-Ost#par314531594514847\">Amtshaus Bochum Langendreer<\/a><\/p>\n\n\n\n<p>Im <strong>kleineren Kreis<\/strong> findet um 14:00 Uhr zun\u00e4chst unsere <strong>Trauung<\/strong> statt. <\/p>\n\n\n\n<p><strong>Bitte beachtet: Da die Pl\u00e4tze im Saal begrenzt sind, k\u00f6nnen leider nicht alle geladenen G\u00e4ste an der Trauung teilnehmen.<\/strong> Ob Ihr bei der Trauung dabei sein k\u00f6nnt, erfahrt Ihr \u00fcber Eure Einladungskarte.<\/p>\n\n\n\n<p>Bitte seid etwa&nbsp;<strong>15 Minuten fr\u00fcher<\/strong>&nbsp;da, damit wir p\u00fcnktlich starten k\u00f6nnen, vielen Dank f\u00fcr Euer Verst\u00e4ndnis!<\/p>\n\n\n\n<hr class=\"wp-block-separator has-alpha-channel-opacity\"\/>\n\n\n\n<h3 class=\"wp-block-heading\">\ud83d\udd52 ca. 14:30 Uhr \u2013 Gl\u00fcckw\u00fcnsche &amp; Fotos<\/h3>\n\n\n\n<p>Nach der Trauung gibt es Zeit f\u00fcr Gl\u00fcckw\u00fcnsche und ein paar erste gemeinsame Fotos vor dem Amtsgericht auf der Freifl\u00e4che des Carl-von-Ossietzky-Platzes.<\/p>\n\n\n\n<p>All diejenigen, die nicht bei der Trauung dabei sein k\u00f6nnen, sich aber bereits in Bochum und Umgebung tummeln und uns gratulieren m\u00f6chten, k\u00f6nnen sich um <strong>14:30 Uhr an der Traulocation (Amtshaus Bochum Langendreer) einfinden<\/strong>. Wir freuen uns sehr, wenn Ihr diesen Moment nutzen wollt, um bereits gemeinsam mit uns anzusto\u00dfen!<\/p>\n\n\n\n<hr class=\"wp-block-separator has-alpha-channel-opacity\"\/>\n\n\n\n<h3 class=\"wp-block-heading\">\ud83d\udd53 ab 16:00 Uhr \u2013 Empfang an der Partylocation<\/h3>\n\n\n\n<p class=\"has-black-color has-text-color has-link-color wp-elements-b54daadc578a072710110c56619f29b8\">\ud83d\udccd&nbsp;<a href=\"https:\/\/www.rotunde-bochum.de\/\">Rotunde \u2013 Bermuda3Eck, Bochum<\/a><\/p>\n\n\n\n<p>Nach dem offiziellen Part feiern wir mit allen gemeinsam den weiteren Tag und Abend!<\/p>\n\n\n\n<p>Ab 16:00 Uhr werdet Ihr an der Location f\u00fcr die Hochzeitsfeier mit Getr\u00e4nken sowie s\u00fc\u00dfen und herzhaften Snacks in Empfang genommen.<\/p>\n\n\n\n<p>Ab jetzt hei\u00dft es: Ankommen, ansto\u00dfen, feiern \u2013 der Tag ist offen gestaltet. Essen, Getr\u00e4nke und Musik begleiten uns durch den Nachmittag und Abend.<\/p>\n\n\n\n<p><strong>Weitere Infos zur Anreise findet Ihr auf den n\u00e4chsten Seiten!<\/strong><\/p>\n","protected":false},"excerpt":{"rendered":"<p>Unser Hochzeitstag ist in mehrere besondere Momente unterteilt, die wir Schritt f\u00fcr Schritt mit Euch erleben m\u00f6chten! \ud83d\udd51 14:00 Uhr<\/p>\n<p><span class=\"more-link\"><a href=\"https:\/\/hochzeit.dhbochum.de\/index.php\/ablaufplan\/\" class=\"readmore\">Weiterlesen<span class=\"screen-reader-text\">Ablauf<\/span><\/a><\/span><\/p>\n","protected":false},"author":1,"featured_media":0,"parent":0,"menu_order":0,"comment_status":"closed","ping_status":"closed","template":"","meta":{"footnotes":""},"class_list":["post-48","page","type-page","status-publish","hentry"],"_links":{"self":[{"href":"https:\/\/hochzeit.dhbochum.de\/index.php\/wp-json\/wp\/v2\/pages\/48","targetHints":{"allow":["GET"]}}],"collection":[{"href":"https:\/\/hochzeit.dhbochum.de\/index.php\/wp-json\/wp\/v2\/pages"}],"about":[{"href":"https:\/\/hochzeit.dhbochum.de\/index.php\/wp-json\/wp\/v2\/types\/page"}],"author":[{"embeddable":true,"href":"https:\/\/hochzeit.dhbochum.de\/index.php\/wp-json\/wp\/v2\/users\/1"}],"replies":[{"embeddable":true,"href":"https:\/\/hochzeit.dhbochum.de\/index.php\/wp-json\/wp\/v2\/comments?post=48"}],"version-history":[{"count":13,"href":"https:\/\/hochzeit.dhbochum.de\/index.php\/wp-json\/wp\/v2\/pages\/48\/revisions"}],"predecessor-version":[{"id":332,"href":"https:\/\/hochzeit.dhbochum.de\/index.php\/wp-json\/wp\/v2\/pages\/48\/revisions\/332"}],"wp:attachment":[{"href":"https:\/\/hochzeit.dhbochum.de\/index.php\/wp-json\/wp\/v2\/media?parent=48"}],"curies":[{"name":"wp","href":"https:\/\/api.w.org\/{rel}","templated":true}]}}