{"id":54,"date":"2026-01-17T20:28:02","date_gmt":"2026-01-17T19:28:02","guid":{"rendered":"https:\/\/hochzeit.dhbochum.de\/?page_id=54"},"modified":"2026-01-18T16:39:41","modified_gmt":"2026-01-18T15:39:41","slug":"fotos-erinnerungen","status":"publish","type":"page","link":"https:\/\/hochzeit.dhbochum.de\/index.php\/fotos-erinnerungen\/","title":{"rendered":"Fotos &amp; Erinnerungen"},"content":{"rendered":"\n<p>Wir freuen uns riesig \u00fcber Eure Fotos und Videos vom Tag!<br>Hier k\u00f6nnt Ihr eure sch\u00f6nsten Momente mit uns teilen.<\/p>\n\n\n\n<p class=\"has-black-color has-text-color has-link-color wp-elements-7015c2d8bd289d7014e0d7af04ea0300\">\ud83d\udc49 Bitte ladet Eure Bilder von der <strong>Trauung<\/strong> in diesem\u00a0<a href=\"https:\/\/nextcloud.dhbochum.de\/s\/Sgkop3P9JopKW2s\" data-type=\"link\" data-id=\"https:\/\/nextcloud.dhbochum.de\/s\/Sgkop3P9JopKW2s\">Ordner<\/a> hoch.<br>So haben wir sp\u00e4ter alle Erinnerungen an einem Ort.<\/p>\n\n\n\n<p class=\"has-black-color has-text-color has-link-color wp-elements-acb3f1ce43bbc7459b93fcc95b669806\">\ud83d\udc49 Bitte ladet Eure Bilder von der <strong>Hochzeitsfeier<\/strong> in diesem\u00a0<a href=\"https:\/\/nextcloud.dhbochum.de\/s\/y73F9iLP2PjngWx\">Ordner<\/a>\u00a0hoch.<br>So haben wir sp\u00e4ter alle Erinnerungen an einem Ort.<\/p>\n\n\n\n<p>Danke, dass Ihr diesen Tag f\u00fcr und mit uns festhaltet!<\/p>\n","protected":false},"excerpt":{"rendered":"<p>Wir freuen uns riesig \u00fcber Eure Fotos und Videos vom Tag!Hier k\u00f6nnt Ihr eure sch\u00f6nsten Momente mit uns teilen. \ud83d\udc49<\/p>\n<p><span class=\"more-link\"><a href=\"https:\/\/hochzeit.dhbochum.de\/index.php\/fotos-erinnerungen\/\" class=\"readmore\">Weiterlesen<span class=\"screen-reader-text\">Fotos &amp; Erinnerungen<\/span><\/a><\/span><\/p>\n","protected":false},"author":1,"featured_media":0,"parent":0,"menu_order":0,"comment_status":"closed","ping_status":"closed","template":"","meta":{"footnotes":""},"class_list":["post-54","page","type-page","status-publish","hentry"],"_links":{"self":[{"href":"https:\/\/hochzeit.dhbochum.de\/index.php\/wp-json\/wp\/v2\/pages\/54","targetHints":{"allow":["GET"]}}],"collection":[{"href":"https:\/\/hochzeit.dhbochum.de\/index.php\/wp-json\/wp\/v2\/pages"}],"about":[{"href":"https:\/\/hochzeit.dhbochum.de\/index.php\/wp-json\/wp\/v2\/types\/page"}],"author":[{"embeddable":true,"href":"https:\/\/hochzeit.dhbochum.de\/index.php\/wp-json\/wp\/v2\/users\/1"}],"replies":[{"embeddable":true,"href":"https:\/\/hochzeit.dhbochum.de\/index.php\/wp-json\/wp\/v2\/comments?post=54"}],"version-history":[{"count":5,"href":"https:\/\/hochzeit.dhbochum.de\/index.php\/wp-json\/wp\/v2\/pages\/54\/revisions"}],"predecessor-version":[{"id":336,"href":"https:\/\/hochzeit.dhbochum.de\/index.php\/wp-json\/wp\/v2\/pages\/54\/revisions\/336"}],"wp:attachment":[{"href":"https:\/\/hochzeit.dhbochum.de\/index.php\/wp-json\/wp\/v2\/media?parent=54"}],"curies":[{"name":"wp","href":"https:\/\/api.w.org\/{rel}","templated":true}]}}